 3*i - 20, -i = 2*a - l*a - 30. Let h = -5 - -10. What is the remainder when a is divided by h?
4
Let l(m) = -m**2 - 12*m + 95. Let a(w) = -w**3 - 34*w**2 + 38*w + 88. Let j be a(-35). What is the remainder when 107 is divided by l(j)?
7
Suppose -1165 = -26*o + 57. Let u(h) = -83*h**3 + 2*h**2 + 7*h - 1. Calculate the remainder when u(-2) is divided by o.
46
Suppose 71*x + 3800 = 76*x + 4*u, -2273 = -3*x - u. Calculate the remainder when x is divided by 22.
8
Let f = 48 - 48. Let g be 0*(-3)/12 - f. Suppose -3*u + 60 = -0*q - 4*q, g = 4*u + q - 61. What is the remainder when u is divided by 2?
0
Suppose 21*a - 13*a = -51*a + 118. What is the remainder when 214 is divided by a?
0
Let y(p) = -p**2 - 6*p - 12. Let u be y(-2). What is the remainder when (11 + u - -108) + -6 is divided by 28?
25
Suppose 3*p - 22 - 5 = 0. Let b = -6 + p. Calculate the remainder when (0 - 1/b)*-9 is divided by 2.
1
Suppose 15*j + 12 - 687 = 0. Suppose -12*b + 15*b = -k + j, -5*k + b = -145. Calculate the remainder when 85 is divided by k.
25
What is the remainder when (-3)/((-1)/((-2 - 0)/((-78)/107627))) is divided by 19?
14
Suppose 4*l + z = 48, -2*l - 190 + 186 = -3*z. What is the remainder when 986 is divided by l?
6
Let g(q) = 3*q**2 - 14*q - 33. Let r be g(-3). Let z(p) = 53*p - 346. What is the remainder when z(r) is divided by 46?
44
Suppose -p = 2*w + 17, -14*p - 32 = -12*p + 2*w. What is the remainder when ((-62)/(-14) - p/(-35)) + 810 is divided by 16?
14
Let o = 6294 + -6291. What is the remainder when 2556 is divided by o?
0
Let q(j) = j**3 - 19*j**2 - 19*j + 91. Calculate the remainder when q(0) is divided by 4/(-6) + (-666)/(-27).
19
Calculate the remainder when (3 - 55/25) + (-4571)/(-5) is divided by 194.
139
Let u(a) = 30*a**2 - a + 1. Let j = -1153 + 1168. What is the remainder when u(2) is divided by j?
14
Suppose 0 = -4*k + 3*g + 120, g + 39 = -5*k + 170. Suppose 14*p - 186 = 96 + 306. What is the remainder when p is divided by k?
15
Suppose 0 = 2*n + 5*k - 207, 12*n - 465 = 7*n + 5*k. What is the remainder when 203 is divided by n?
11
Let h be 1010 - (3 + -5)/2. Suppose 4*m - 6*r - 1031 = -9*r, r = 4*m - h. Calculate the remainder when m is divided by 32.
30
Suppose 0 = p - 12 - 41. Suppose 129 = 11*y - 69. Calculate the remainder when p is divided by y.
17
Suppose 44 = i + 3*r, -9 + 10 = r. Calculate the remainder when 133 is divided by i.
10
Let f(t) = -84 + 7087*t**2 - 3545*t**2 - 3543*t**2 - 21*t. What is the remainder when 75 is divided by f(-7)?
5
Let r = 61 + -58. Let h(p) = -2*p + 2 - 2*p**2 - 5*p + 8*p - 41*p**r. Calculate the remainder when h(-1) is divided by 21.
19
Let a be 3/(-15) + 80/25. Suppose 42 = -a*f - 33. Let b = 0 - f. What is the remainder when 98 is divided by b?
23
Let l(k) be the first derivative of 5*k**2/2 + 59*k - 58. What is the remainder when 44 is divided by l(-10)?
8
Let f(x) = -19*x - 66. Let c be 4 - (-81)/(-18) - 13/2. What is the remainder when f(c) is divided by ((-7)/3)/((-3)/9)?
4
What is the remainder when (-18)/(-4) + (-1)/(-2) is divided by (-11 - -10)/(-2 - (2 - 7/2))?
1
Suppose -5*a + 12*a = 168. Let h = 37 - a. Suppose -314 = -5*c - 4. What is the remainder when c is divided by h?
10
Suppose 0*k - 4*p = -4*k, 0 = -k - 4*p - 25. Let w be (-3)/15 + (-256)/k. Suppose -2*i - 2 = o - 5, 5*o - w = -i. What is the remainder when 51 is divided by o?
7
Let i be (1*-30)/((-6)/4). Suppose 22 = 18*g - 13*g + 4*q, 2*g - 4 = -4*q. Suppose -4*p = -g*p + i. What is the remainder when 37 is divided by p?
7
Let t = 3323 - 3296. Calculate the remainder when 50 is divided by t.
23
Let k(c) = -3*c**2 + 2*c + 55. Calculate the remainder when 2155 is divided by k(4).
10
Let d(f) = -1. Let u(n) = -n**2 + n. Let t(c) = 2*d(c) - 2*u(c). What is the remainder when 23 is divided by t(-1)?
1
Suppose 0 = 14*h - 6 - 162. What is the remainder when (-1)/((-1 - (-6)/12)/32) is divided by h?
4
Let l(z) be the first derivative of -z**4/4 + 3*z**3 - 13*z**2/2 + 39*z + 29. What is the remainder when 164 is divided by l(7)?
26
Let g be -4 - (-38 + 6 + -7). Calculate the remainder when 97 is divided by 20/35 - (-155)/g - -28.
31
Let g be (1 + 4/(-12))*(50 - -1). Let u(c) = -g - 6*c**2 + c**3 - 19*c + 14*c**2 + 16. What is the remainder when u(-9) is divided by 15?
12
Suppose 60*y = 6*y + 7560. Calculate the remainder when y is divided by 39.
23
Let i(b) be the second derivative of -b**3/3 + 70*b**2 - 22*b. Calculate the remainder when i(17) is divided by 56.
50
Let y = -465 + -393. What is the remainder when 10/((-60)/y) - (1 - 6) is divided by 15?
13
Suppose -96 + 411 = 23*t - 237. What is the remainder when 2008 is divided by t?
16
Let o = 14 - -18. Suppose 3*q - 12 = -0*q. Suppose -3*m + 2*u = -566, -6*u + q*u - 376 = -2*m. What is the remainder when m is divided by o?
30
Suppose 16*x = 14*x + b - 1869, -4673 = 5*x - 3*b. Let v = x - -953. What is the remainder when 242 is divided by v?
14
Let d(h) = 34*h - 49. Let p be d(3). Suppose 48*j = p*j - 120. Let w = -10 + 23. What is the remainder when j is divided by w?
11
Let t(b) = -3*b**3 + 16*b**2 - 16*b + 10. Let r(d) = d**3 + d**2 + d - 1. Let g(i) = 5*r(i) + t(i). Calculate the remainder when 29 is divided by g(-11).
4
Let y = 1968 - 1956. Calculate the remainder when 3574 is divided by y.
10
Suppose 2*w = -2, 2*y - 4*w = -5*w - 19. Let l be 4 - y - (3 + 0). Suppose l*q = q + 54. What is the remainder when 10 is divided by q?
4
Suppose -4*i + 3*i = -4*k - 6, -4*i + k = -9. Suppose -i*s + 11*h - 8*h + 67 = 0, h - 31 = -s. Calculate the remainder when s is divided by 20.
12
Suppose 0 = r + 366 + 216. Let m = 613 + r. Calculate the remainder when m is divided by 1*2*(-11)/(-2).
9
Suppose -7*o + 12 = -2. Let k(m) = -6*m - 44 - 13*m - o*m + 13. Calculate the remainder when k(-8) is divided by 35.
32
Suppose 6 = -6*g - 30. Let k be g + 7 + (2 - 5). What is the remainder when 12 is divided by 1/k + (-14)/(-4)?
0
Let s(p) = p**2 - 4*p + 234. What is the remainder when s(37) is divided by 95?
30
Let h = -235 - -254. Suppose -36*l + 2890 = -h*l. What is the remainder when l is divided by 91?
79
Let c = 2331 + 4707. Calculate the remainder when c is divided by 271.
263
Suppose -5*u - j = -249, -2*u + 9 + 93 = j. Calculate the remainder when 384 is divided by u.
41
Suppose 142047 = 3*y + 138270. What is the remainder when y is divided by 45?
44
Let b(r) = 60*r + 715. What is the remainder when 450 is divided by b(-5)?
35
Suppose -z + 4*z = 18. Suppose 2*t = -z, 4*x + 5*t - 138 = 27. Suppose f = -5*k + 18 + 8, -2*f + 36 = 2*k. What is the remainder when x is divided by f?
13
Suppose -5*j + 3*j = -2*i - 24, 5*j - 48 = -i. Let v(p) = 23*p**2 - 3*p + 17. Let s be v(3). Let d = 304 - s. What is the remainder when d is divided by j?
9
Calculate the remainder when 1173 is divided by (243/(-18) - -14)*214.
103
Suppose 0 = 44*k - 5*k - 2796 - 16782. Calculate the remainder when k is divided by 466.
36
Let j(t) = -t**3 - 12*t**2 + 22*t + 32. Let l be j(-14). Let p = l - 64. Suppose -20*k + 12*k + 144 = 0. Calculate the remainder when p is divided by k.
16
Suppose 93*m = -78*m + 29070. What is the remainder when 285 is divided by m?
115
Let p = 1334 + -1281. Let s(g) = -12*g**2 + 3*g + 4. Let d be s(3). Let f = d + 199. What is the remainder when f is divided by p?
51
Let j(n) = -31*n + 3. Suppose 5*b + 1 = 6. Let r be j(b). What is the remainder when 17 is divided by 1/(-5)*r - (-4)/10?
5
Let x(y) = -y**3 + 7*y**2 + 6*y + 7. Calculate the remainder when 229 is divided by x(6).
71
Calculate the remainder when 3496 is divided by ((-108)/27)/(6/(-9) + 0).
4
Let l = -1063 + 1063. Suppose 21*k - 146 - 106 = l. What is the remainder when 16/((-1 + -1)/(-4)) is divided by k?
8
Let s be 13*2 + (46 - 50). What is the remainder when (-89)/(-2)*(s - 20) is divided by 17?
4
Suppose -2*u - 2*d - 910 = -2658, u - 8*d = 892. What is the remainder when u is divided by 292?
0
Let n be (108 - 42)*(8/6)/4. Suppose 4*c - 564 = -4*x, -n*c + 20*c + 2*x + 274 = 0. What is the remainder when c is divided by 45?
4
Suppose 3*p - 462 = 1077. Suppose 0 = -3*c - w + 308, -5*c - 4*w + p = -2*w. Calculate the remainder when c is divided by 21.
19
Suppose 0 = a + 2*a - 417. Suppose -5*v - 100 = -5*f, -2*f - 20*v - 8 = -14*v. Calcula